8 = 5*l, -4*k - 3*l = -4*l - x. What is the greatest common factor of k and 240?
12
Suppose 450 = 3*w - 1794. Let c = 778 - w. Let p be (-1)/3 + (-452)/(-6). Calculate the greatest common factor of c and p.
15
Let n = -12 + 16. Suppose 112*r - 115*r + 96 = 0. What is the greatest common divisor of r and n?
4
Suppose -b = 3*d - 256, 8*b - 9*b + 343 = 4*d. What is the highest common factor of 24 and d?
3
Let d = 4544 - 3752. What is the highest common divisor of d and 3069?
99
Suppose 76*j - 56*j = 21*j - 2. Let w(v) = 13*v**2 + 2*v - 2. Let n be w(-2). What is the highest common factor of n and j?
2
Let t = 124 - -20. Let y = -48 + t. What is the greatest common divisor of y and 160?
32
Let d be (256/(-2))/(56/(-20) - -3). Let h be ((-12)/(-10))/((-48)/d). Let o be 2*(33/(-11) - 38/(-2)). What is the highest common divisor of o and h?
16
Suppose 8*q - 420 = -2*q. Suppose -24 = q*b - 45*b. Let s = -107 + 171. Calculate the greatest common factor of s and b.
8
Let k(q) = 4*q**2 + 55*q + 237. Let c be k(-18). Calculate the highest common divisor of 2353 and c.
181
Suppose -8 = -5*l + l + y, -3*y - 9 = 3*l. Let k(o) = 64*o - 1. Let n be k(l). Let z be (0 - (-7)/1)*549/183. What is the highest common factor of n and z?
21
Let q(n) = 2*n**2 - 7*n + 7. Let a = -29 - -31. Suppose -a*t - 9 = -5*t. Let m be q(t). Calculate the highest common factor of 36 and m.
4
Suppose -7*z = -2*z - 15. Suppose z*w - 3 = 6. Suppose 0*b = w*b - 144. What is the highest common divisor of b and 8?
8
Suppose 0 = 3*v - 2557 - 1259. Suppose -v = 14*k - 2*k. Let f = k + 163. Calculate the greatest common factor of 19 and f.
19
Suppose -864 = -2*c + 2*p, -p - 2148 = 23*c - 28*c. What is the greatest common factor of 165 and c?
33
Suppose -11*c - 1379 = -191. Let m = 42 + -36. Let o be (-2 - (-16)/m)/((-6)/c). Calculate the greatest common divisor of o and 12.
12
Suppose 0*l + 4 = 3*l - w, 25 = 5*w. Let g(t) = 2742*t + 21943. Let a be g(-8). What is the highest common factor of l and a?
1
Let h = 16 + -7. Let i = 357 + 28. Suppose 5*u = -5*z - 0*z + i, 5*z - 380 = -4*u. What is the greatest common divisor of h and z?
9
Let x(b) = -b**3 - 5*b**2 + b + 40. Let s be x(-5). Suppose 762 = 3*l - 2*p - 912, -2*l + 1135 = 5*p. What is the greatest common factor of l and s?
35
Suppose -97*o - 15 = -i - 94*o, 5*i - 55 = -5*o. Suppose 0*w = -w - 24. Let q be w/5*(-4 - 1). Calculate the greatest common divisor of i and q.
12
Let i(h) = h**3 + 15*h**2 + 25*h - 9. Let x be i(-13). Suppose 0 = x*z - 6*z + 18. Calculate the greatest common divisor of z and 153.
9
Let i be -5 + 1 + (-21910)/(-126) + 140/126. Suppose j + 1 = -0, 5*j - 128 = -o. Calculate the highest common divisor of i and o.
19
Let p(c) = 7*c**3 - 9*c**2 - 18*c + 18. Let h be p(3). Calculate the greatest common factor of h and 82.
2
Let t be -106 - -24 - (-2)/(-1). Let l be (-322)/(-8) - (-21)/t. Calculate the greatest common factor of l and 60.
20
Let b(m) = 4*m**3 - 5 + 20 - 7*m - 4*m + 8*m - 3*m**3 + 14*m**2. Let u be b(-14). What is the greatest common factor of u and 12?
3
Let r(c) = 28*c + 1. Let i = -35 + 36. Let a be r(i). Suppose 28 - a = -t. Calculate the highest common divisor of t and 5.
1
Suppose 6464 + 9601 = 105*c. What is the greatest common divisor of 54 and c?
9
Let i(c) = -6*c**2 - 110*c - 3. Let t be i(-18). Calculate the greatest common divisor of t and 1177.
11
Let q(j) = 5*j**2 - 12*j - 3*j**2 + 3*j**2 + 19 - 6*j**2. Let n be q(-13). What is the greatest common divisor of 114 and n?
6
Let o(y) = -y**3 + y**2 - 6*y - 131. Let x be o(-10). What is the highest common factor of 2205 and x?
147
Let q = -14064 - -14114. Suppose 174 + 26 = 4*n. Let d = n - 30. Calculate the greatest common divisor of q and d.
10
Suppose 2*n - 28 = -5*o, 2*n - 6 = -o + 6. Suppose -17 = 5*t - 10*t - o*c, 3*c = 5*t - 31. What is the greatest common factor of t and 45?
5
Suppose 1225*z + 160 = 1230*z. Let j = -247 - -287. What is the highest common divisor of j and z?
8
Let j(o) = 137*o - 2326. Let q be j(18). Calculate the greatest common divisor of 9730 and q.
70
Let g be ((-28)/(-16))/7 + (-4407)/(-4). What is the highest common factor of g and 58?
58
Let p be 259/222 + (-34229)/(-6). Calculate the highest common divisor of 18 and p.
18
Suppose -3*t + 186 = 3*q, 4*q + 87*t - 230 = 86*t. What is the highest common factor of 2338 and q?
14
Let x(y) = y + 19. Let a be x(-15). Suppose 3*z + a*z = 3*z. Suppose z = 12*k - 1044 - 1332. What is the highest common divisor of k and 18?
18
Suppose -2453*c + 2469*c - 22256 = 0. Calculate the highest common factor of 13 and c.
13
Let y(o) = o**2 - o + 1. Let b(k) = -5*k**2 - 8*k + 21. Let a(u) = -b(u) - 6*y(u). Let n be a(11). What is the highest common factor of 38 and n?
2
Let w be 1 + 2/(-3) - (11352/(-99) + 16). Calculate the highest common divisor of w and 2541.
33
Let d = 9 + 60. Suppose -13 - 7 = -2*o - 8. Calculate the greatest common divisor of d and o.
3
Let v = 29 - 40. Let g = 24 + v. Suppose g = 3*t + 7. What is the greatest common factor of 14 and t?
2
Suppose -30 = -2*o - v, 9*v - 4*v + 18 = 2*o. Let r = 123 + -109. Calculate the greatest common factor of r and o.
14
Let m be (-265370)/(-255)*(-1 + (-244)/(-28)). What is the highest common divisor of 48 and m?
12
Suppose -4*l - 22 = -t - t, -3*t + 21 = -3*l. Suppose -o + 6*k = 3*k - 290, 870 = t*o - k. Calculate the greatest common divisor of 20 and o.
10
Suppose 4*v - 181 = -3*n - 43, 0 = 3*v - 2*n - 78. Calculate the highest common factor of v and 4670.
10
Let i be -7*12/(-126)*15. Suppose 0 = 43*l + 43*l - 258. What is the greatest common divisor of l and i?
1
Let q = 458 + -167. Let z = -187 + q. Calculate the greatest common divisor of 39 and z.
13
Let o(b) = 3*b**3 + 4*b**2 + 37*b + 28. Let i be o(7). What is the greatest common divisor of i and 224?
56
Suppose 0 = -2*w - g + 3791, -2*w - 5*g + 5072 = 1301. Calculate the highest common divisor of w and 730.
146
Let s be 28/6*1*33. Suppose 26 = 2*o + 314. Let n = o + 155. What is the greatest common factor of n and s?
11
Let c(v) = -64*v - 300. Let a be c(-6). Let f = -29 - -33. Suppose -f*x = -x - 63. Calculate the greatest common divisor of a and x.
21
Let c = 15451 - 8141. Suppose -7*p + c = 408. What is the greatest common factor of 58 and p?
58
Suppose -14*k = -11*k - 2754. Suppose 0*i = -5*d - 4*i + k, -759 = -4*d + 5*i. Calculate the greatest common divisor of 279 and d.
93
Let o = -17 + 485. Let j = o - 408. Calculate the highest common factor of 140 and j.
20
Let r(n) be the second derivative of 17*n**3/6 + 3*n**2/2 - 6*n. Let w be r(-9). Let z be (110/(-3))/(4*5/w). What is the greatest common factor of z and 25?
25
Let h(v) = 5*v**2 + 34*v + 79. Let u be h(-3). What is the greatest common divisor of u and 5346?
22
Suppose 62*c - 2240 = 30*c. Calculate the greatest common divisor of c and 730.
10
Suppose 0 = 120*v + 1000 + 8360. Suppose -5*c - 25 = -840. Let s = c + v. What is the greatest common divisor of s and 17?
17
Let o = 115 - 120. Let j be 74 - (-1 + (-25)/o). Calculate the highest common factor of j and 10.
10
Let l be (132 - -4)/((-24)/(-3) + -6). Calculate the highest common divisor of l and 612.
68
Let n = -16 - -18. Suppose 5*k = n*b + 25, b + 22 = 4*k - b. Suppose -c = 3*j - 9, -5 = 5*j + 15. What is the greatest common factor of k and c?
3
Let h = 4076 + -3788. Let w(t) be the third derivative of 5*t**4/12 - 2*t**3/3 + t**2. Let k be w(4). Calculate the highest common divisor of k and h.
36
Let l(x) = -x**2 - 7*x - 6. Let g be l(-5). Suppose y = g*b - 649, -22 = -b + y + 141. Let p = -495 - -513. Calculate the greatest common factor of p and b.
18
Suppose 2293 = 47*d - 46*d - 2*l, -2272 = -d - l. Calculate the highest common divisor of 530 and d.
53
Suppose 3*m + 3*w - 3 = -0*m, -1 = m - w. Let a be m - 0 - (-8 - -6). Let o be (-3 - -5)*(a - -1)/3. What is the highest common divisor of o and 10?
2
Let a be (40/12)/(4/6). Let y be 2/5 + 143/a. Let i be 7354398/31707 - (-6)/117. What is the highest common divisor of i and y?
29
Suppose 24*g - 27*g = -504. Let v = 34 + -36. Let s be (v - (-1 + 1))*-12. Calculate the greatest common divisor of g and s.
24
Suppose 3*v = -4*x + 94, -7*v + 2*v - 3*x + 164 = 0. Suppose 638 = v*k - 5*k. Calculate the g